522226181
What are the prime factors of 30811981?
30811981
List the prime factors of 68260583.
68260583
List the prime factors of 1112710992.
2, 3, 191, 121369
List the prime factors of 414045556.
2, 8123, 12743
What are the prime factors of 6700929958?
2, 3350464979
What are the prime factors of 311512808?
2, 193, 201757
List the prime factors of 2364792825.
3, 5, 31530571
List the prime factors of 129920413.
7, 2651437
List the prime factors of 294063160.
2, 5, 7351579
What are the prime factors of 305937031?
19, 127, 6673
List the prime factors of 34230454.
2, 599, 28573
What are the prime factors of 456585094?
2, 7, 43, 593, 1279
List the prime factors of 1194552.
2, 3, 47, 353
What are the prime factors of 217452891?
3, 19, 3814963
List the prime factors of 947811451.
503, 829, 2273
List the prime factors of 420817146.
2, 3, 59, 137, 8677
List the prime factors of 210209179.
19, 101, 109541
List the prime factors of 1924133698.
2, 2927, 328687
List the prime factors of 83577407.
83577407
What are the prime factors of 1140417390?
2, 3, 5, 7, 5430559
List the prime factors of 10722854.
2, 53, 101159
What are the prime factors of 323689644?
2, 3, 8991379
What are the prime factors of 275660546?
2, 7, 47, 79, 5303
What are the prime factors of 232184617?
7, 19, 1745749
What are the prime factors of 10450616?
2, 11, 118757
What are the prime factors of 41301853?
199, 207547
What are the prime factors of 109072688?
2, 1481, 4603
What are the prime factors of 152700180?
2, 3, 5, 47, 173, 313
List the prime factors of 58623022.
2, 37, 313, 2531
What are the prime factors of 1700661866?
2, 83, 10244951
What are the prime factors of 42276743?
1361, 31063
What are the prime factors of 26715490?
2, 5, 31, 86179
What are the prime factors of 1462903872?
2, 3, 7619291
List the prime factors of 81266146.
2, 13, 229, 13649
List the prime factors of 48682135.
5, 17, 463, 1237
List the prime factors of 84302907.
3, 13, 2161613
List the prime factors of 107221271.
107221271
List the prime factors of 65990190.
2, 3, 5, 7, 314239
List the prime factors of 170271420.
2, 3, 5, 11, 257987
List the prime factors of 1470812557.
41, 3613, 9929
What are the prime factors of 25102327?
347, 72341
What are the prime factors of 352070096?
2, 7, 37, 53, 229
List the prime factors of 225442592.
2, 7045081
What are the prime factors of 142766951?
142766951
List the prime factors of 121049869.
121049869
List the prime factors of 67908485.
5, 181, 75037
What are the prime factors of 37914897?
3, 631, 20029
List the prime factors of 27292558.
2, 83, 164413
List the prime factors of 56821826.
2, 28410913
List the prime factors of 173460037.
157, 743, 1487
List the prime factors of 235660462.
2, 197, 598123
List the prime factors of 685346.
2, 342673
What are the prime factors of 41611583?
13, 3200891
What are the prime factors of 484684763?
484684763
What are the prime factors of 480928406?
2, 7, 107, 321047
List the prime factors of 24241952.
2, 7, 108223
List the prime factors of 1877835972.
2, 3, 43, 3639217
What are the prime factors of 9272510?
2, 5, 13, 71327
What are the prime factors of 54301356?
2, 3, 47, 67, 479
List the prime factors of 1144233847.
47, 24345401
What are the prime factors of 56619622?
2, 17, 617, 2699
List the prime factors of 75755480.
2, 5, 1893887
List the prime factors of 27349279.
27349279
List the prime factors of 16320933.
3, 201493
What are the prime factors of 182817940?
2, 5, 43, 212579
What are the prime factors of 248487091?
248487091
List the prime factors of 55491103.
419, 132437
List the prime factors of 234570407.
2939, 79813
List the prime factors of 336852256.
2, 13, 809741
List the prime factors of 342169053.
3, 1009, 113039
What are the prime factors of 41701673?
13, 149, 21529
What are the prime factors of 128891617?
128891617
List the prime factors of 3174512208.
2, 3, 7, 9447953
List the prime factors of 197934162.
2, 3, 17, 283, 6857
What are the prime factors of 2505954847?
11, 61, 3734657
List the prime factors of 2989018388.
2, 31, 103, 234029
What are the prime factors of 723910201?
7, 17, 157, 38747
List the prime factors of 61906394.
2, 11, 2813927
List the prime factors of 198914427.
3, 109, 67589
List the prime factors of 130282829.
19, 101, 67891
What are the prime factors of 2050430163?
3, 17, 19, 2116027
What are the prime factors of 126975513?
3, 7, 123397
List the prime factors of 213788056.
2, 17, 167, 9413
What are the prime factors of 205657679?
9281, 22159
List the prime factors of 139942652.
2, 1481, 23623
List the prime factors of 249020088.
2, 3, 10375837
What are the prime factors of 75385246?
2, 37692623
List the prime factors of 80825954.
2, 11, 53, 103, 673
List the prime factors of 2970732474.
2, 3, 165040693
List the prime factors of 3056261166.
2, 3, 7, 8085347
What are the prime factors of 1949699979?
3, 251, 863081
List the prime factors of 460360664.
2, 31, 1856293
What are the prime factors of 538992999?
3, 2699, 22189
What are the prime factors of 1922992213?
17, 113117189
What are the prime factors of 50043103?
11, 79, 57587
List the prime factors of 215825421.
3, 7, 17, 223, 2711
What are the prime factors of 974987264?
2, 17, 7001
What are the prime factors of 90491219?
7, 13, 76493
What are the prime factors of 27609984?
2, 3, 2663
What are the prime factors of 41521394?
2, 23, 902639
What are the prime factors of 2441746146?
2, 3, 7, 53, 156703
List the prime factors of 51287743.
13, 829, 4759
List the prime factors of 27696627.
3, 7, 146543
List the prime factors of 360749113.
1831, 197023
What are the prime factors of 6325149436?
2, 1581287359
List the prime factors of 451670717.
19, 53, 448531
What are the prime factors of 6854649?
3, 19, 53, 2269
List the prime factors of 615483296.
2, 19233853
List the prime factors of 15629901.
3, 7, 97, 7673
What are the prime factors of 628697295?
3, 5, 23, 67493
List the prime factors of 6456561.
3, 19, 227, 499
List the prime factors of 39569307.
3, 97, 135977
List the prime factors of 17130150.
2, 3, 5, 12689
List the prime factors of 73538085.
3, 5, 4902539
List the prime factors of 290837017.
67, 389, 11159
What are the prime factors of 5296366602?
2, 3, 61, 193, 2777
What are the prime factors of 261037937?
2099, 124363
List the prime factors of 201713997.
3, 67237999
What are the prime factors of 172348938?
2, 3, 563, 5669
What are the prime factors of 363352667?
363352667
List the prime factors of 15047801.
15047801
What are the prime factors of 143358334?
2, 7, 10239881
List the prime factors of 7022062655.
5, 19, 73916449
List the prime factors of 535015531.
535015531
What are the prime factors of 774781067?
1571, 493177
What are the prime factors of 297437511?
3, 7, 193, 73387
List the prime factors of 173780118.
2, 3, 19, 508129
List the prime factors of 7070976296.
2, 23, 211, 182129
What are the prime factors of 57567589?
31, 1229, 1511
What are the prime factors of 13092266?
2, 11, 397, 1499
List the prime factors of 896068386.
2, 3, 19, 433, 2017
What are the prime factors of 6476239?
7, 11, 151, 557
What are the prime factors of 477106029?
3, 2539, 20879
List the prime factors of 2286221693.
7, 17, 19211947
List the prime factors of 355512768.
2, 3, 13, 142433
What are the prime factors of 3940109115?
3, 5, 1493, 175937
What are the prime factors of 903993244?
2, 7, 11, 109, 26927
What are the prime factors of 620174135?
5, 7, 29, 191, 457
List the prime factors of 52696784.
2, 7, 263, 1789
What are the prime factors of 74079259?
74079259
What are the prime factors of 6179794?
2, 103, 131, 229
What are the prime factors of 5084644534?
2, 2542322267
List the prime factors of 42823614.
2, 3, 43, 165983
What are the prime factors of 2158444479?
3, 19, 5807, 6521
List the prime factors of 827887541.
13, 63683657
What are the prime factors of 150909855?
3, 5, 229, 43933
List the prime factors of 311163605.
5, 7829, 7949
What are the prime factors of 35132552?
2, 7, 13, 48259
List the prime factors of 46916146.
2, 229, 102437
What are the prime factors of 257239931?
13, 19787687
List the prime factors of 26503950.
2, 3, 5, 11, 16063
List the prime factors of 1717905499.
1717905499
List the prime factors of 454421311.
53, 8573987
What